test common divisor of 9 and z.
9
Let b(n) = n - 2. Let f be b(11). What is the highest common divisor of f and 63?
9
Let s be (-16)/48 + 2/6. Suppose 3*x - 173 - 7 = s. Let f be (-1)/3 + (-146)/(-6). Calculate the greatest common factor of f and x.
12
Let m be (-23 - 1)*(-4)/4. Let o(j) = j**3 + 9*j**2 - 10*j + 6. Suppose -5*f - 45 - 5 = 0. Let r be o(f). Calculate the greatest common factor of r and m.
6
Suppose 0*d + 4*d - 5*t = 156, -3*t + 90 = 3*d. Let w = d - 21. Calculate the highest common factor of 104 and w.
13
Let l be 4072/24 + (-1)/(-3) + 0. Calculate the greatest common factor of l and 17.
17
Suppose 0 = -3*g + 5*r + 23, 3*g = -4*r + 35 + 6. Let k be -1 + 3/(6/178). Calculate the highest common factor of g and k.
11
Let r(s) = 9*s**2 - 9*s + 27. Let n be r(5). Calculate the greatest common factor of 23 and n.
23
Let v = 6 + 1. Let y be (-1)/(1*1/(-4)). Suppose 5*z - 340 = -5*x, 2*z - y = 5*x + 97. What is the highest common factor of z and v?
7
Let y(o) = -2*o**2 - 2*o**3 + o + o**2 + o**3. Let r be y(-3). Calculate the greatest common divisor of 135 and r.
15
Let j be (2/5)/(2/(-10)). Let p = 4 + j. Suppose 3*r = -0*r + 18. Calculate the greatest common divisor of p and r.
2
Let a(r) = r**3 + 6*r**2 + r + 8. Let j be a(-6). Let y be (-158)/(-8) + j/8. Let o be 2 + 6 + (1 - -1). What is the greatest common divisor of y and o?
10
Let d(h) = -h + 13. Let v be d(8). Let z = v - 3. Suppose 0 = -5*x + z*x + 39. What is the highest common factor of x and 117?
13
Let x be ((-30)/4)/3*-24. Suppose 4*d - 4*i - 2 = 2, -4*d + 36 = 4*i. Suppose 40 = q + p - 5, d*p - 25 = 0. Calculate the highest common factor of x and q.
20
Suppose -2*a + 0 = -10. Let y be 57*((-3)/(-9) - -1). Let r = y + -21. Calculate the greatest common divisor of r and a.
5
Let g be ((-2)/(-4))/(3/(-24)). Let i be g/6*(-300)/4. Suppose 2*a = 48 - 8. Calculate the highest common factor of i and a.
10
Let o = 16 - 5. Let d = 15 - 10. Suppose 288 = 4*i - 5*b, -6*b = -d*b - 4. Calculate the highest common divisor of o and i.
11
Suppose 0 = -4*c + c + 6. What is the greatest common factor of c and 2?
2
Let k(f) = -f**2 - f + 6. Let z be k(0). Let s = 12 - z. Calculate the highest common divisor of 48 and s.
6
Let m = -21 + 23. What is the highest common factor of 5 and m?
1
Suppose 2*a = 5*w - 40, 3 + 2 = 3*w - 5*a. Let i be 11/2 - (-5)/(30/(-3)). What is the highest common factor of w and i?
5
Let k be 710/25 + 4/(-10). Suppose -3*x + 2*x = -5*r + 11, 3*x + 2*r - 18 = 0. Suppose -146 - 134 = -x*y. Calculate the greatest common factor of y and k.
14
Let f = -1 - 1. Let q be (198/27)/(f/(-30)). Let v = q + -71. Calculate the highest common divisor of 13 and v.
13
Let y be 2 - (2 + -20)/2. Let a(u) = -17*u - 1. Let w be a(-2). Calculate the highest common factor of y and w.
11
Let i = -12 - -67. Suppose n + 21 = 4*n. Let k(o) = o**2 - 5*o - 3. Let s be k(n). What is the highest common divisor of i and s?
11
Let c(l) = -3*l**3 + 8 - 2*l**3 + 4*l**3 - l**2 - l. Let z be c(0). What is the highest common factor of 64 and z?
8
Suppose c + 31 - 4 = 0. Let d = c - -62. Calculate the greatest common divisor of 7 and d.
7
Suppose -3*t + q = -4*q + 528, 0 = -5*t + 3*q - 880. Let u be (-10)/4*t/20. Calculate the highest common divisor of 11 and u.
11
Let i be 36/(-10)*(-20)/8. Let m = i - -14. Calculate the highest common factor of m and 253.
23
Let w(r) = -2*r**2 - 21*r - 9. Let a be w(-6). Calculate the highest common divisor of 30 and a.
15
Let h(d) = 2*d + 2*d**2 - 3*d**2 + d**2 - 4 + d**2. Let n be h(4). Let p = 72 + -32. What is the greatest common factor of p and n?
20
Let f be -2 - (2/1 + 7). Let s = f + 5. Let t be 257/3 + 4/s. What is the highest common factor of 17 and t?
17
Suppose -8 = -3*j + 4. Calculate the greatest common factor of j and 8.
4
Let y(w) = 2*w - 5. Let t be -1*9*4/(-6). Let d be y(t). Calculate the greatest common factor of d and 77.
7
Let o = -123 + 150. What is the greatest common divisor of o and 36?
9
Let z(r) = r**3 + 5*r**2 + 2*r + 1. Let n be z(-3). What is the highest common divisor of 52 and n?
13
Suppose 2*s + 0*p = 3*p + 9, 5*p + 15 = -5*s. Let t = 4 - s. Suppose 8 = -2*m + t*m. What is the highest common divisor of 16 and m?
4
Suppose -80 = 3*s + 43. Let p = -20 - s. Calculate the greatest common divisor of 7 and p.
7
Let a be (3 + 6/3)*1. Calculate the greatest common factor of a and 10.
5
Let c be 43*2 + (0 - 2). Suppose 336 = 3*q - c. Let a be 1 + -1 - (2 + -22). What is the highest common factor of a and q?
20
Let z(o) = -6*o**2. Let q be z(-1). Let y be 20*1 + q/(-6). Suppose -y = -m - 0*m + 3*r, 0 = m - r - 13. What is the highest common factor of m and 72?
9
Suppose g - 4 = -2. Let t = 88 - 80. Calculate the highest common divisor of g and t.
2
Suppose 0*u - 17 = -4*o + 5*u, -u + 43 = 5*o. Calculate the highest common factor of o and 6.
2
Let q be (-1 - 6*1)*-3. Let o be (-2)/10 - q/(-5). Suppose -9 = -5*f - 4*t + o, f = t - 1. Calculate the greatest common factor of f and 2.
1
Let d be 2*(3 + 1 + -2). What is the highest common factor of 6 and d?
2
Suppose 3*g = i - 64, 2*i - 52 = 2*g + 6*i. Let x = 2 - g. Calculate the highest common divisor of 6 and x.
6
Suppose -t + 36 = 4*d + 10, 0 = 4*d - 16. Let x(p) = 2*p**2 - 8*p + 1. Let c be x(t). Let o = 17 + -6. Calculate the greatest common factor of o and c.
11
Suppose 13 = q + c + 2*c, 3*c = -15. Let h be q/(-12)*(0 - 3). Calculate the greatest common factor of 28 and h.
7
Let f be (4/4)/(2/(-18)). Let w be (f*3)/3*-1. Calculate the highest common divisor of w and 1.
1
Let f(y) = -23*y + 12. Let v = 9 - 15. Let i be f(v). Calculate the highest common factor of 15 and i.
15
Let s(i) = i**3 + 12*i**2 + 6*i - 9. Let j be s(-9). Suppose -u + 4*u = j. What is the highest common divisor of 12 and u?
12
Suppose 2*f + 6 = -0*f, -4*v = 5*f + 175. Let z = -15 - v. What is the greatest common divisor of 10 and z?
5
Suppose -2 = 2*w, 101 = 3*n + w - 330. Calculate the highest common factor of n and 9.
9
Suppose -6*h = -3*h - 108. Suppose -11 - 1 = 4*c, c - 17 = -5*v. Suppose 4*m - v*r = 36, 0*m - 3*r - 18 = -2*m. What is the highest common factor of m and h?
9
Suppose 9*q + 150 = 15*q. What is the greatest common factor of 5 and q?
5
Let m = -11 + 8. Let s be (m/(-2))/3*0. Suppose 5*u - 208 + 78 = s. What is the highest common divisor of u and 65?
13
Let a be 5/3 - 16/24. What is the greatest common factor of a and 8?
1
Suppose 5*a - 11 = 4. Let u be 233/7 - (-2)/(-7). What is the highest common factor of a and u?
3
Let p be 4/6 + 22/3. Suppose -3*t - f = -99, 4*t + f = -1 + 132. What is the greatest common divisor of p and t?
8
Let g be (-518)/(-13) + 10/65. Calculate the greatest common divisor of 16 and g.
8
Suppose 4*k = -w - 6, -3 - 3 = -5*w - 2*k. Suppose -5*f + 0 + 650 = 4*i, w*i = 10. Let s = -4 + 18. What is the highest common divisor of f and s?
14
Let r be -6*(-1 - 2*-1). Let l be (1 + -5)*r/4. Calculate the greatest common divisor of 66 and l.
6
Let l = 25 + 47. Calculate the greatest common divisor of l and 48.
24
Suppose -3*x + 3*m + 11 = 2*m, 2*x + 4*m + 16 = 0. What is the highest common factor of x and 18?
2
Suppose -4*i - p = -17, -3*i - 2*p + 27 = -6*p. Calculate the greatest common divisor of 55 and i.
5
Let l(t) = -5*t + 57. Let y be l(6). What is the highest common divisor of 6 and y?
3
Suppose -5*d = 4*n - 33 + 4, -19 = -4*n - 3*d. What is the greatest common divisor of 19 and n?
1
Let n be 2*(-1)/4*-10. Suppose -4*z + l = -21, 0*l = 5*l + n. Calculate the highest common divisor of 45 and z.
5
Let d = 70 + 42. Calculate the greatest common divisor of 28 and d.
28
Let k(z) = -3 + 1 - 3 + 2 - z. Let m be k(-5). Suppose m*d = 13 + 3. What is the greatest common divisor of d and 40?
8
Let t(a) = a**3 + 8*a**2 + 12*a + 1. Let l be t(-5). Suppose -54 = -2*j - 3*n, j + n - 98 = -3*j. What is the highest common divisor of j and l?
8
Suppose l = 2*l + 5*b - 110, 3*b + 258 = 3*l. Suppose 4*z = -z + l. What is the greatest common factor of 12 and z?
6
Let a(b) = -b**2 - 10*b. Suppose -c - 1 - 10 = 0. Let f = -20 - c. Let w be a(f). Calculate the greatest common factor of w and 9.
9
Let i(v) = 2*v**2 - 2*v - 1. Let y be i(2). Let t = 3 + 3. Let b be 2 + -2*1 + t. Calculate the highest co